p composite?
True
Let b(n) = -24*n**3 - 6*n**2 + 10*n - 3. Let a = 14 + -20. Let k(u) = 73*u**3 + 17*u**2 - 29*u + 8. Let t(j) = a*k(j) - 17*b(j). Is t(-2) composite?
True
Let u(q) = -q**3 + q**2 + 131. Is u(0) a prime number?
True
Suppose 2*c + 242 = 2*m, -5*c + 37 = m - 60. Suppose 5*j - m = 4*b, -j + b = -0*b - 24. Is j prime?
False
Let d(u) = -308*u - 29. Is d(-14) composite?
False
Suppose 5*o - 4*q - 364 = 0, 0 = o + 2*o - 3*q - 219. Let l(d) = -33*d + 2. Let v be l(-7). Suppose -y + v = -o. Is y composite?
True
Suppose 0 = -i - b + 144 - 7, i + 4*b - 146 = 0. Is i composite?
True
Is -1*(1 - 293*6) prime?
False
Let y(q) = q**2 + 15. Let n be y(0). Suppose -5*m + 0*k + 122 = k, 0 = 5*m - 3*k - 114. Let h = m - n. Is h a prime number?
False
Let n(a) = 71*a**2 - 5*a + 1. Let p(v) = -70*v**2 + 4*v - 1. Let h(k) = -4*n(k) - 5*p(k). Is h(-1) a composite number?
False
Let y be (-1 - 2/(-4))*-2. Let w be ((-22)/(-3 + 2))/y. Let h = w + -11. Is h composite?
False
Is 701/(-3)*(-5 - -2) a composite number?
False
Let g(z) be the first derivative of -z**3/3 - 3*z**2 - 6*z - 2. Let f be g(-4). Suppose f*h + m + 65 = 291, 0 = m. Is h a composite number?
False
Let x(o) = o**3 - o**2 + o + 4. Let y = -2 - -2. Let c be x(y). Suppose -2*t - 5*g - 445 = -5*t, -c*g - 8 = 0. Is t a composite number?
True
Let j = 21 + -13. Let s(r) = -r**2 + 8*r + 3. Let t be s(j). Suppose -2*d - t = -161. Is d a composite number?
False
Suppose 49*l + 3155 = 54*l. Is l a prime number?
True
Let u = 7 + -3. Let o(m) = m + 1. Let k be o(u). Suppose k*j - 15 = 280. Is j composite?
False
Let d = 18 - -35. Is d a composite number?
False
Suppose c + c + 148 = 4*l, -3*c = 3*l - 111. Is l composite?
False
Let p(y) = 33*y - 2. Let z be p(9). Let b = -161 + z. Is b a prime number?
False
Suppose -9*p + 45348 - 14721 = 0. Is p prime?
False
Let o = 64 - 31. Is 4/(-24)*-26*o composite?
True
Suppose 0 = 5*p - 23 - 102. Is p composite?
True
Suppose n - 3*n = 6. Let y(x) = x**2 - x - 24. Let h be y(7). Is (150/h)/((-1)/n) composite?
True
Suppose 3*i - 2*f = -9, i + 4*f + 4 = 5*f. Let l be 1 + (-1 - i - -312). Let o = -224 + l. Is o a composite number?
False
Suppose -2*y + y - 2 = l, -5*l - 3*y = 0. Is l a composite number?
False
Let l(v) = 5*v**3 + 3*v**2 + 4*v. Let i be l(4). Suppose r - 896 = 4*w, 3*w = 5*r - 383 - 306. Let h = w + i. Is h a composite number?
True
Suppose 16 = -v - 5*x, 2*x = -4*v + v + 4. Suppose 0*q = -v*q + 316. Is q composite?
False
Let f be (-393)/(-9) - (-4)/(-6). Is -2*f/(-2) - -3 composite?
True
Suppose -b + 6*b - 8505 = 0. Suppose -5*c + b = 571. Let t = c - 99. Is t a prime number?
True
Suppose -4*h = -3*x - 881, 3*h - 664 = -0*x - x. Is h prime?
False
Let f(b) = -b**2 - b + 179. Is f(0) prime?
True
Let p = -107 + 234. Is p prime?
True
Suppose -11*x + 11417 = -4*x. Is x prime?
False
Suppose 6*p + 289 = 5*p. Let t = -146 - p. Is t a prime number?
False
Suppose 3*h + 1889 = 2*u, 2*u - 4*h - 1173 = 717. Is u a composite number?
True
Let v(m) = -16*m + 1. Let q = -5 + 7. Let w = q - 4. Is v(w) a composite number?
True
Let k = -1961 - -3342. Is k a composite number?
False
Suppose -9*a + 5*a + 2956 = 0. Is a a prime number?
True
Let w(t) = -t - 1. Let r be w(-1). Suppose 4*s = -4*j, r*s + 3*s = j - 4. Is 6/((-1)/(j - 2)) composite?
True
Let g = 67 - 42. Is g a prime number?
False
Suppose 0 = -2*a - a + q - 19, 4*a - 5*q = -29. Let o be ((-2)/a)/((-3)/(-18)). Is 2*(-2 + 35/o) prime?
True
Let t(j) be the first derivative of -j**4 - 2*j**3/3 + 3*j**2/2 - 2*j + 1. Let d(k) = -k**2 + 12*k + 10. Let a be d(13). Is t(a) a composite number?
False
Suppose -3*v + 749 = f, -2*f - 96 - 156 = -v. Let g be 3/(-9) + (-32)/(-6) + -2. Suppose -g*w + 7*t + 174 = 2*t, -5*w - 5*t + v = 0. Is w a composite number?
False
Let x = 17 - 24. Let s = x + 22. Is s a prime number?
False
Let w be ((-4)/6)/((-7)/483). Suppose 2*x = -0*x + w. Is x prime?
True
Let q = -85 - -133. Suppose -3*s = -q + 3. Let f = s + 38. Is f a composite number?
False
Suppose -4*g - 1255 = -9*g. Is g a prime number?
True
Suppose 0 = -3*b - 0*b + 9. Let c be 9/3 + -8 - b. Let s = c - -30. Is s prime?
False
Suppose -3*a - 10 = 5*b, -4*a = 4*b - 0*a. Suppose 3*x = 5*n + 2*x + 193, x - 3 = 0. Let f = b - n. Is f a prime number?
False
Suppose -3*s + 2*z = 6*z - 650, 5*z = s - 204. Suppose 3*u + 2*u = -4*r + 853, r = -u + s. Is r prime?
False
Suppose -s - z - 10 = -5*s, s - 6 = 2*z. Suppose -2*c + s*r + 302 = 0, -r = c + c - 296. Is c a composite number?
False
Suppose 31 + 21 = n. Let z = n + -17. Suppose 0*f = f - z. Is f prime?
False
Suppose 0*t - 28 = 4*t. Let f(s) = 7*s**2 - s - 11. Let g(l) = 3*l**2 - l - 5. Let p(w) = -2*f(w) + 5*g(w). Is p(t) a composite number?
False
Let b be (-4 + 4)/(-2 - -1). Suppose 21 = c - b. Is c prime?
False
Suppose 5*l = -2*h + 722, 1 + 7 = -2*l. Suppose f - h = -0*f. Is f a composite number?
True
Let z = -946 - -1514. Is (10/4)/(4/z) prime?
False
Let k = -36 + 1123. Is k a prime number?
True
Suppose -4962 = 19*o - 40055. Is o a prime number?
True
Suppose 4*d - 16 = 0, 2*p + 5*d - d - 1536 = 0. Let w = p + -506. Suppose 0 = -2*a + 4*a - w. Is a composite?
False
Suppose 4*i + 2 - 10 = 0, 2 = 4*w - 5*i. Suppose 0 = 2*x - 4*z - 106, -2*z + 289 = 8*x - w*x. Is x a composite number?
True
Let u be (-1 - -1 - -3)*1. Suppose -6*n = -u*n - 6, 3*n - 146 = -4*l. Is l a prime number?
False
Is 387 + (3 - (3 + -4)) a prime number?
False
Let h(c) = 245*c + 6. Let x be h(7). Is (-8)/36 + x/9 composite?
False
Let o = -5 + 7. Suppose 0 = 7*r - 41 - 36. Suppose -o*p + r = -35. Is p prime?
True
Let r(w) = -2*w**3 - 6*w**2 + 5. Let m(d) = -2*d + 4. Let x be m(4). Is r(x) composite?
False
Suppose -4*n - 2*x + 14 = 0, 0 = -5*n + 3*x + 3 + 9. Suppose -2*q = 3*u, 2*q + 2*u + n = -1. Is (-55)/(-3) - 4/q composite?
False
Let i = 302 - -1827. Is i a prime number?
True
Let z = 688 + 133. Is z a prime number?
True
Let p(t) = -15*t**2 + 6*t. Let r be p(4). Let z = r - -490. Is z composite?
True
Suppose -o = -1929 - 1208. Is o a prime number?
True
Suppose 6*s - s - 805 = 0. Is s composite?
True
Suppose -3*y - 4*v - 11 = 0, 8 = -3*y + 2*y + 3*v. Let p(n) = n + 9. Let h be p(y). Suppose h*w + 0*w = 56. Is w composite?
True
Suppose 4 = -3*v + 1. Let g(n) = 55*n**2 - n. Let c be g(v). Suppose 2*z - f - 107 = 4, -z + c = -f. Is z composite?
True
Let t = 243 + -159. Let g = t + -5. Is g a prime number?
True
Let o(k) = k**2 + 4*k - 9. Suppose 5*d + 24 = 2*d. Is o(d) a composite number?
False
Suppose -5*t - 8 = -33. Suppose t*f = 3399 + 1756. Is f composite?
False
Let q be (-33)/15 - (-1)/5. Let f be (0 - (-1 + -6)) + q. Suppose 5*l - 13 = -3*b + 130, -f*b = l - 231. Is b prime?
False
Let h = -55 + 134. Is h composite?
False
Suppose a = 2*w - 2*a - 2, -2*w + 5*a = 2. Is (-3780)/(-24) + (-2)/w prime?
True
Let d(j) = -2*j + 4 - j - 3. Let l be d(-3). Is 4/l + (-972)/(-20) a composite number?
True
Let u = -73 + 156. Let d(q) = q**3 + 4*q**2 + q. Let r be d(-3). Suppose 2*m = r, m - 3*m - u = -v. Is v a composite number?
False
Suppose -71 = 6*p - 5*p. Let z = p - -104. Is z a composite number?
True
Let p(q) = q + 1. Let k be p(3). Let z(l) be the third derivative of l**6/120 + l**5/30 - l**4/6 - l**3/2 - 5*l**2. Is z(k) a prime number?
False
Suppose 0 = 4*t - 1464 - 5804. Is t a prime number?
False
Let k(o) = 3*o - 6. Let q be k(4). Suppose -3*t = 4*p - 929, -2*p = -7*p - t + 1153. Suppose -2*w = -q*w - 20, -p = -4*y + 2*w. Is y composite?
True
Let g(a) = 4415*a + 6. Is g(1) a prime number?
True
Suppose -b + 3 = 3*l, 3*b + 2*l = -0*b + 37. Suppose 5*u - 15 = 0, -2*c - 4*u + b = c. Is 111/12*4/c a prime number?
True
Let q(w) = 5*w**2 + 2*w - 1. Let y be q(-6). Let f = y + -82. Let k = f + -52. Is k a composite number?
True
Let l(j) = j**3 - 3*j**2 + j + 2. Let c(i) = i**3 - 3*i**2 + i + 2. Let g(x) = -5*c(x) + 6*l(x). Is g(4) a prime number?
False
Suppose -3*d + i + 0*i + 9 = 0, 6 = 2*d + 2*i. Suppose -5*y + 830 = d*a, 0 = -3*y + 2*a + 2*a + 527. Is y a composite number?
True
Is ((-24)/(-48))/(1/2338) a composite number?
True
Is (3 - 0 - -290)/1 a prime number?
True
Let z(s) = -557*s**3 + s + 1. Is z(-1) composite?
False
Suppose o = 1243 + 936. Is o a prime number?
True
Let p be (17/(-4))/(4/(-16)). Let r = -10 + p. Is r a prime number?